{"id":11503,"date":"2023-12-05T11:11:00","date_gmt":"2023-12-05T10:11:00","guid":{"rendered":"https:\/\/www.saldac.ch\/produit\/farine-de-banane-verte-5kg-bio-equitable\/"},"modified":"2025-09-23T13:24:00","modified_gmt":"2025-09-23T11:24:00","slug":"farine-de-banane-verte-5kg-bio-equitable","status":"publish","type":"product","link":"https:\/\/www.saldac.ch\/de\/produkt\/farine-de-banane-verte-5kg-bio-equitable\/","title":{"rendered":"Gr\u00fcnbananenmehl, 5 kg, bio, fair gehandelt"},"content":{"rendered":"<p>5-kg-Sack. Ausschlie\u00dflich auf Vorbestellung verf\u00fcgbar.<\/p>","protected":false},"excerpt":{"rendered":"<p>Nur auf Vorbestellung erh\u00e4ltlich. Lieferzeit nach Absprache.<\/p>","protected":false},"featured_media":0,"template":"","meta":{"inline_featured_image":false},"product_cat":[95],"product_tag":[108,50],"_links":{"self":[{"href":"https:\/\/www.saldac.ch\/de\/wp-json\/wp\/v2\/product\/11503"}],"collection":[{"href":"https:\/\/www.saldac.ch\/de\/wp-json\/wp\/v2\/product"}],"about":[{"href":"https:\/\/www.saldac.ch\/de\/wp-json\/wp\/v2\/types\/product"}],"wp:attachment":[{"href":"https:\/\/www.saldac.ch\/de\/wp-json\/wp\/v2\/media?parent=11503"}],"wp:term":[{"taxonomy":"product_cat","embeddable":true,"href":"https:\/\/www.saldac.ch\/de\/wp-json\/wp\/v2\/product_cat?post=11503"},{"taxonomy":"product_tag","embeddable":true,"href":"https:\/\/www.saldac.ch\/de\/wp-json\/wp\/v2\/product_tag?post=11503"}],"curies":[{"name":"wp","href":"https:\/\/api.w.org\/{rel}","templated":true}]}}

Grünbananenmehl, 5 kg, bio, fair gehandelt

<p>5-kg-Sack. Ausschließlich auf Vorbestellung verfügbar.</p>

<p>Nur auf Vorbestellung erhältlich. Lieferzeit nach Absprache.</p>
